i(7).
-42
Let i(q) = -q**3 - 178*q**2 - 1518*q + 479. What is i(-169)?
-28
Let b(j) = -j**2 - 27*j - 177. Calculate b(-6).
-51
Let o(s) = -12*s - 203. What is o(0)?
-203
Let v(u) = -u**3 - 6*u**2 + 8*u + 72. Calculate v(-7).
65
Let v(p) = p**2 - 2*p - 304. Give v(18).
-16
Let h(w) = -2*w**3 - 115*w**2 - 163*w + 273. What is h(-56)?
-7
Let s(p) = p**3 - 5*p**2 - 71*p - 28. Calculate s(-6).
2
Let q(x) = 13*x**2 - 335*x + 2147. What is q(12)?
-1
Let r(s) = 5*s - 36. Determine r(-20).
-136
Let d(n) = 2*n**2 - 15*n + 20. What is d(2)?
-2
Let c(a) = 11*a**2 + 283*a + 1557. Calculate c(-8).
-3
Let a(v) = -5*v - 345. What is a(-65)?
-20
Let d(f) = -f**3 - 10*f**2 - 3*f - 31. Calculate d(-11).
123
Let i(y) = 4*y**2 + 9*y + 55. Calculate i(-9).
298
Let a(l) = -24*l**2 - 7919*l + 351. Give a(-330).
21
Let j(a) = 19*a - 801. Determine j(42).
-3
Let p(n) = -101*n**2 - n + 2. Give p(1).
-100
Let j(s) = s**3 + 7*s**2 + 1322*s + 6563. Determine j(-5).
3
Let i(q) = -q**2 - 253*q + 6674. Calculate i(24).
26
Let z(n) = 4*n**3 - 19*n**2 - 30*n + 8. Give z(-2).
-40
Let w(n) = 2*n**2 - 43*n + 161. Give w(5).
-4
Let p(l) = -l**3 + 13*l**2 + 15*l + 13. Determine p(13).
208
Let k(w) = -83*w + 99. Determine k(1).
16
Let c(y) = 380*y + 15955. Give c(-42).
-5
Let c(b) = -b**3 - 64*b**2 - 36*b - 11092. Calculate c(-66).
-4
Let w(h) = -154*h - 637. Calculate w(-4).
-21
Let d(w) = -3*w**3 + 158*w**2 - 103*w - 49. What is d(52)?
3
Let m(l) = 126*l - 202. Calculate m(4).
302
Let h(j) = j**2 - 35*j + 202. Give h(7).
6
Let n(t) = -t**3 - 8*t**2 + 16*t + 161. Calculate n(-8).
33
Let h(n) = -9*n**2 - 70*n + 1131. What is h(8)?
-5
Let c(i) = -i**2 + 196*i + 1641. Determine c(204).
9
Let g(o) = 3*o**3 - 22*o**2 + o + 29. What is g(7)?
-13
Let v(g) = -g**3 - 32*g**2 - 35*g - 116. What is v(-31)?
8
Let n(g) = -8*g**2 - 70*g - 23. Calculate n(-14).
-611
Let a(p) = p**3 - 48*p**2 + 49*p - 141. What is a(47)?
-47
Let q(i) = i**3 - 140*i**2 + 263*i + 1793. Calculate q(138).
-1
Let n(s) = 9*s**2 + s - 28. Give n(-3).
50
Let u(k) = -k**3 - 5*k**2 - 7*k + 3. Calculate u(-5).
38
Let c(l) = 35*l - 390. Determine c(12).
30
Let v(g) = 40*g + 1188. Give v(-29).
28
Let z(i) = -275*i + 1932. Determine z(7).
7
Let q(p) = -44*p + 278. Give q(6).
14
Let d(b) = b**3 + 13*b**2 + 628. Determine d(-16).
-140
Let n(c) = c**2 - 35*c + 232. Give n(29).
58
Let h(k) = 168*k + 1403. What is h(-8)?
59
Let v(d) = -d**3 - 5*d**2 + 5*d - 9. Determine v(-6).
-3
Let q(v) = -3*v**3 - 3*v**2 + 7*v. Determine q(-2).
-2
Let t(w) = -3*w**2 - 239*w + 3542. Calculate t(13).
-72
Let j(r) = 350*r - 3490. What is j(10)?
10
Let g(x) = -x**2 - 10*x + 43. What is g(-11)?
32
Let x(n) = n**2 + 65*n + 46. Calculate x(-19).
-828
Let a(d) = 11*d - 1. Give a(-3).
-34
Let s(x) = 13*x**2 + 11*x + 84. Calculate s(-6).
486
Let o(d) = -11*d**3 + 96*d**2 + 13*d - 20. Determine o(9).
-146
Let y(a) = -a**3 - 59*a**2 + 7*a + 378. What is y(-59)?
-35
Let g(f) = -411*f + 10249. Determine g(25).
-26
Let m(c) = -36*c**2 - 246*c + 65. Give m(-7).
23
Let a(h) = -2031*h + 178738. Calculate a(88).
10
Let d(k) = k**2 + 18*k - 297. What is d(-26)?
-89
Let n(x) = 30*x - 354. What is n(14)?
66
Let y(h) = 1004*h + 4042. What is y(-4)?
26
Let b(c) = 12*c + 314. What is b(-31)?
-58
Let j(h) = 40*h + 1255. Give j(-30).
55
Let m(b) = -2*b**3 + 3*b**2 + 9*b - 23. Calculate m(3).
-23
Let x(l) = 114*l - 476. Give x(5).
94
Let d(o) = -16*o**2 - 138*o + 51. Calculate d(-9).
-3
Let l(o) = -256*o - 7484. What is l(-29)?
-60
Let u(z) = 8*z**2 + 72*z - 8. Give u(-9).
-8
Let y(h) = 304*h - 7892. What is y(26)?
12
Let c(k) = -336*k - 1681. What is c(-5)?
-1
Let t(h) = h**3 + 10*h**2 - 24*h - 77. Give t(-9).
220
Let b(t) = 285*t**3 - 4*t**2 - t + 2. Determine b(1).
282
Let g(l) = 18*l**3 - 177*l**2 - 15*l - 72. Give g(10).
78
Let b(p) = p**3 + 12*p**2 + 41*p + 31. Give b(-3).
-11
Let b(o) = o**3 - 22*o**2 + 51*o + 36. What is b(20)?
256
Let z(b) = 47*b - 794. Calculate z(16).
-42
Let a(g) = 2*g**2 - 1678*g - 1676. Calculate a(-1).
4
Let z(x) = 20775*x - 62327. Calculate z(3).
-2
Let f(n) = -n**2 - 3753*n + 18798. What is f(5)?
8
Let f(u) = -u**2 + 6*u + 77. What is f(-21)?
-490
Let l(k) = 11*k**3 + k**2 + 8*k + 3. What is l(-3)?
-309
Let s(g) = -g**2 - 86*g - 1311. Give s(-20).
9
Let s(x) = 40*x - 951. Calculate s(12).
-471
Let x(p) = -682*p - 2221. Give x(-3).
-175
Let d(o) = o**3 - 5*o**2 + 43*o - 219. Give d(5).
-4
Let l(s) = 7*s**2 - 82*s + 377. Determine l(5).
142
Let n(j) = -j**3 - 16*j**2 + j + 314. Calculate n(4).
-2
Let j(p) = 6*p**3 + 47*p**2 - 74*p - 850. Determine j(-6).
-10
Let k(r) = -34*r**2 + 39*r - 81. Determine k(2).
-139
Let j(p) = 13656*p - 13649. Determine j(1).
7
Let v(a) = 43*a + 221. What is v(-5)?
6
Let v(y) = 179*y - 1415. Give v(8).
17
Let m(u) = -9*u**2 - 350*u + 47. Determine m(-39).
8
Let f(a) = 3128*a - 25044. Calculate f(8).
-20
Let k(y) = y**3 - 16*y**2 + 45*y + 19. Calculate k(12).
-17
Let j(q) = -415*q - 2486. Determine j(-6).
4
Let q(c) = 2*c + 37. Give q(13).
63
Let u(f) = 4*f**3 + 46*f**2 - 19*f + 14. Calculate u(-12).
-46
Let n(h) = -h**2 + 92*h - 526. What is n(6)?
-10
Let u(s) = 164*s + 181. What is u(-1)?
17
Let s(m) = 118*m + 237. Determine s(-2).
1
Let d(t) = -t**3 - 5*t**2 + 79*t + 134. Determine d(-11).
-9
Let u(b) = 12*b + 429. Give u(-42).
-75
Let p(w) = 16*w - 471. Calculate p(24).
-87
Let p(d) = -2*d**3 + 40*d**2 - 4*d + 9. Determine p(20).
-71
Let x(w) = 64*w + 245. Give x(-3).
53
Let q(y) = y**2 + 40*y + 126. Determine q(-37).
15
Let r(h) = 3*h**2 - 158*h - 228. What is r(54)?
-12
Let x(p) = -p**3 + 5*p**2 + 10*p - 22. What is x(5)?
28
Let n(y) = -2*y**2 - 1435*y - 33286. Calculate n(-24).
2
Let d(x) = -x**2 - 25*x + 100. Calculate d(-29).
-16
Let b(o) = -o**3 - 27*o**2 - 10*o + 54. What is b(-26)?
-362
Let r(n) = -n**3 - 74*n**2 - 972*n - 212. What is r(-57)?
-41
Let n(y) = -42*y + 1087. What is n(26)?
-5
Let a(f) = f**2 + 113*f - 3439. Give a(-138).
11
Let r(b) = -3*b**3 - 11*b**2 - 21*b - 99. Determine r(-4).
1
Let y(q) = -2*q**3 + 2*q**2 + 49*q + 2. Give y(0).
2
Let c(o) = o**3 - 4*o**2 - 7*o + 7. Calculate c(7).
105
Let m(d) = -19464*d + 38922. What is m(2)?
-6
Let f(h) = 2*h**3 + 8*h**2 + 8*h - 6. What is f(-2)?
-6
Let y(t) = -16*t + 549. What is y(33)?
21
Let r(o) = 60*o**2 - 191*o. Give r(3).
-33
Let m(d) = -5*d**2 + 379*d - 311. Determine m(75).
-11
Let w(k) = k**2 + 734*k - 6692. Calculate w(9).
-5
Let b(y) = -7*y + 522. Calculate b(71).
25
Let r(g) = -g**2 + 371*g - 1878. Give r(5).
-48
Let t(q) = q**3 - 38*q**2 - 6*q + 160. What is t(38)?
-68
Let s(h) = -236*h - 12688. Give s(-54).
56
Let p(z) = -z**3 - 97*z**2 - 189*z + 110. Give p(-95).
15
Let k(i) = 19275*i - 231304. Calculate k(12).
-4
Let q(a) = 425*a - 5510. Calculate q(13).
15
Let g(m) = -m**3 + 20*m**2 - 4*m + 466. Give g(22).
-590
Let r(t) = -3*t**2 - 4*t + 471. Calculate r(11).
64
Let r(g) = -g**3 + 13*g**2 - 24*g - 120. What is r(8)?
8
Let v(h) = -45*h - 733. Give v(-16).
-13
Let z(t) = -t**3 + 5*t**2 - t + 2. Determine z(0).
2
Let a(v) = -10*v**3 + 873*v**2 - 260*v - 84. Calculate a(87).
3
Let h(w) = w**3 + 11*w**2 - 53*w + 4. Calculate h(-15).
-101
Let o(p) = p**2 + 6119*p + 61096. Calculate o(-10).
6
Let n(p) = 14*p**2 + 1203*p - 83. Give n(-86).
3
Let h(o) = -2*o**3 - 12*o**2 - 43*o - 397. Determine h(-7).
2
Let c(y) = y**3 - 25*y**2 - 8*y - 579. Determine c(26).
-111
Let f(y) = 128*y + 18582. Give f(-145).
22
Let s(f) = 2*f - 14. Calculate s(-8).
-30
Let n(b) = 33*b - 147. Give n(8).
117
Let t(m) = 41*m**3 - 8*m**2 - 3*m + 4. Give t(1).
34
Let z(q) = 36*q**2 - 165*q - 80. Give z(5).
-5
Let m(h) = -31*h**3 + 7*h + 9. Calculate m(-1).
33
Let p(f) = f**3 + 17*f**2 + 14*f + 224. Give p(-17).
-14
Let g(p) = 3*p**2 - 36*p - 96. Determine g(15).
39
Let u(l) = 118*l + 201. Determine u(-2).
-35
Let x(o) = -4507*o + 18023. Calculate x(4).
-5
Let p(y) = y**3 + 20*y**2 - 12*y + 27. Determine p(-21).
-162
Let l(g) = 2*g**3 - 99*g**2 - 51*g + 58. Determine l(50).
8
Let o(a) = a**2 - 18*a - 370. Calculate o(-12).
-10
Let n(a) = 1676*a + 90529. Determine n(-54).
25
Let i(n) = -n**3 + 7*n**2 - 11*n - 1. What is i(9)?
-262
Let c(h) = -h**3 + 15*h**2 + 33*h - 38. Determine c(17).
-55
Let j(q) = q**3 - 34*q**2 + 102*q - 2292. Determine j(33).
-15
Let h(i) = 